{"id":1961,"date":"2022-06-29T12:21:31","date_gmt":"2022-06-29T12:21:31","guid":{"rendered":"https:\/\/sites.euro.ubbcluj.ro\/paradigmaeuropeana\/?page_id=1961"},"modified":"2022-06-30T04:11:55","modified_gmt":"2022-06-30T04:11:55","slug":"anunt-de-selectie-cercetator-postdoctoral","status":"publish","type":"page","link":"https:\/\/sites.euro.ubbcluj.ro\/sdrise\/anunt-de-selectie-cercetator-postdoctoral\/","title":{"rendered":"Anun\u021b de selec\u021bie cercet\u0103tor postdoctoral"},"content":{"rendered":"\t\t<div data-elementor-type=\"wp-page\" data-elementor-id=\"1961\" class=\"elementor elementor-1961\">\n\t\t\t\t\t\t<header class=\"elementor-section elementor-top-section elementor-element elementor-element-573b2eab elementor-section-height-min-height elementor-section-boxed elementor-section-height-default elementor-section-items-middle\" data-id=\"573b2eab\" data-element_type=\"section\" data-e-type=\"section\" data-settings=\"{&quot;background_background&quot;:&quot;classic&quot;}\">\n\t\t\t\t\t\t\t<div class=\"elementor-background-overlay\"><\/div>\n\t\t\t\t\t\t\t<div class=\"elementor-container elementor-column-gap-default\">\n\t\t\t\t\t<div class=\"elementor-column elementor-col-100 elementor-top-column elementor-element elementor-element-7f413725\" data-id=\"7f413725\" data-element_type=\"column\" data-e-type=\"column\">\n\t\t\t<div class=\"elementor-widget-wrap elementor-element-populated\">\n\t\t\t\t\t\t<div class=\"elementor-element elementor-element-17101da3 elementor-widget elementor-widget-heading\" data-id=\"17101da3\" data-element_type=\"widget\" data-e-type=\"widget\" data-widget_type=\"heading.default\">\n\t\t\t\t<div class=\"elementor-widget-container\">\n\t\t\t\t\t<h1 class=\"elementor-heading-title elementor-size-default\">Cercet\u0103tori postdoctorali<\/h1>\t\t\t\t<\/div>\n\t\t\t\t<\/div>\n\t\t\t\t<div class=\"elementor-element elementor-element-5ff627fc elementor-widget__width-initial elementor-absolute elementor-widget elementor-widget-spacer\" data-id=\"5ff627fc\" data-element_type=\"widget\" data-e-type=\"widget\" data-settings=\"{&quot;_position&quot;:&quot;absolute&quot;}\" data-widget_type=\"spacer.default\">\n\t\t\t\t<div class=\"elementor-widget-container\">\n\t\t\t\t\t\t\t<div class=\"elementor-spacer\">\n\t\t\t<div class=\"elementor-spacer-inner\"><\/div>\n\t\t<\/div>\n\t\t\t\t\t\t<\/div>\n\t\t\t\t<\/div>\n\t\t\t\t<div class=\"elementor-element elementor-element-5d97cbb0 elementor-widget__width-initial elementor-absolute elementor-widget elementor-widget-spacer\" data-id=\"5d97cbb0\" data-element_type=\"widget\" data-e-type=\"widget\" data-settings=\"{&quot;_position&quot;:&quot;absolute&quot;}\" data-widget_type=\"spacer.default\">\n\t\t\t\t<div class=\"elementor-widget-container\">\n\t\t\t\t\t\t\t<div class=\"elementor-spacer\">\n\t\t\t<div class=\"elementor-spacer-inner\"><\/div>\n\t\t<\/div>\n\t\t\t\t\t\t<\/div>\n\t\t\t\t<\/div>\n\t\t\t\t<div class=\"elementor-element elementor-element-1b1fae06 elementor-widget__width-initial elementor-widget-tablet__width-initial elementor-absolute elementor-widget elementor-widget-spacer\" data-id=\"1b1fae06\" data-element_type=\"widget\" data-e-type=\"widget\" data-settings=\"{&quot;_position&quot;:&quot;absolute&quot;}\" data-widget_type=\"spacer.default\">\n\t\t\t\t<div class=\"elementor-widget-container\">\n\t\t\t\t\t\t\t<div class=\"elementor-spacer\">\n\t\t\t<div class=\"elementor-spacer-inner\"><\/div>\n\t\t<\/div>\n\t\t\t\t\t\t<\/div>\n\t\t\t\t<\/div>\n\t\t\t\t<div class=\"elementor-element elementor-element-678aa00f elementor-widget__width-initial elementor-widget-tablet__width-initial elementor-absolute elementor-widget elementor-widget-spacer\" data-id=\"678aa00f\" data-element_type=\"widget\" data-e-type=\"widget\" data-settings=\"{&quot;_position&quot;:&quot;absolute&quot;}\" data-widget_type=\"spacer.default\">\n\t\t\t\t<div class=\"elementor-widget-container\">\n\t\t\t\t\t\t\t<div class=\"elementor-spacer\">\n\t\t\t<div class=\"elementor-spacer-inner\"><\/div>\n\t\t<\/div>\n\t\t\t\t\t\t<\/div>\n\t\t\t\t<\/div>\n\t\t\t\t\t<\/div>\n\t\t<\/div>\n\t\t\t\t\t<\/div>\n\t\t<\/header>\n\t\t\t\t<section class=\"elementor-section elementor-top-section elementor-element elementor-element-7689564 elementor-section-boxed elementor-section-height-default elementor-section-height-default\" data-id=\"7689564\" data-element_type=\"section\" data-e-type=\"section\">\n\t\t\t\t\t\t<div class=\"elementor-container elementor-column-gap-default\">\n\t\t\t\t\t<div class=\"elementor-column elementor-col-100 elementor-top-column elementor-element elementor-element-84a9c82\" data-id=\"84a9c82\" data-element_type=\"column\" data-e-type=\"column\">\n\t\t\t<div class=\"elementor-widget-wrap elementor-element-populated\">\n\t\t\t\t\t\t<div class=\"elementor-element elementor-element-4a7d85d elementor-widget elementor-widget-heading\" data-id=\"4a7d85d\" data-element_type=\"widget\" data-e-type=\"widget\" data-widget_type=\"heading.default\">\n\t\t\t\t<div class=\"elementor-widget-container\">\n\t\t\t\t\t<h3 class=\"elementor-heading-title elementor-size-default\">Anun\u021b de selec\u021bie cercet\u0103tor postdoctoral<\/h3>\t\t\t\t<\/div>\n\t\t\t\t<\/div>\n\t\t\t\t<div class=\"elementor-element elementor-element-6e844e6 elementor-widget elementor-widget-spacer\" data-id=\"6e844e6\" data-element_type=\"widget\" data-e-type=\"widget\" data-widget_type=\"spacer.default\">\n\t\t\t\t<div class=\"elementor-widget-container\">\n\t\t\t\t\t\t\t<div class=\"elementor-spacer\">\n\t\t\t<div class=\"elementor-spacer-inner\"><\/div>\n\t\t<\/div>\n\t\t\t\t\t\t<\/div>\n\t\t\t\t<\/div>\n\t\t\t\t<div class=\"elementor-element elementor-element-a6ca82a elementor-widget elementor-widget-text-editor\" data-id=\"a6ca82a\" data-element_type=\"widget\" data-e-type=\"widget\" data-widget_type=\"text-editor.default\">\n\t\t\t\t<div class=\"elementor-widget-container\">\n\t\t\t\t\t\t\t\t\t<p>Conform Regulamentului privind organizarea \u0219i desf\u0103\u0219urarea programelor postdoctorale \u00een cadrul Universit\u0103\u021bii Babe\u0219-Bolyai, Cluj-Napoca (Anexa la Hot\u0103r\u00e2rea Senatului Nr. 10.220\/10.06.2019), pentru \u00eenscrierea la concursul de admitere la studii postdoctorale (<a href=\"https:\/\/senat.ubbcluj.ro\/wp-content\/uploads\/2019\/06\/Regulament-programe-postdoctorale_modificate-Senat.pdf\">https:\/\/senat.ubbcluj.ro\/wp-content\/uploads\/2019\/06\/Regulament-programe-postdoctorale_modificate-Senat.pdf<\/a>), candida\u021bii trebuie s\u0103:<\/p><p>&#8211; s\u0103 fie de\u021bin\u0103tori ai titlului de doctor;<\/p><p>&#8211; titlul de doctor s\u0103 fie ob\u021binut cu cel mult 5 ani \u00eenainte de data selec\u021biei \u00een programul postdoctoral. (Pentru persoanele care au ob\u021binut titlul de doctor \u00een Rom\u00e2nia, se ia \u00een considerare data la care a ap\u0103rut Ordinul Ministrului Educa\u021biei Na\u021bionale prin care este confirmat titlul de doctor al candidatului \u0219i \u00een care este stipulat \u0219i numele acestuia);<\/p><p>\u00cen vederea \u00eenscrierii \u00een proiectul <strong><em>Dezvoltarea competen\u021belor de cercetare avansat\u0103 \u0219i aplicat\u0103 \u00een logica STEAM + Health, <\/em><\/strong>Cod SMIS: 153310 candida\u021bii trebuie s\u0103 transmit\u0103 p\u00e2n\u0103 la data de \u00a0<strong>9 iulie 2022<\/strong>, un <strong>plan de cercetare avansat\u0103 <\/strong>\u00eentr-unul dintre domeniile de specializare inteligent\u0103 din strategia CDI 2014-2020 (Bioeconomie, TIC, spa\u021biu \u0219i securitate, Energie, mediu \u0219i schimb\u0103ri climatice, Eco nanotehnologii \u0219i materiale avansate, S\u0103n\u0103tate).<\/p><p>Planul de cercetare avansat\u0103 trebuie s\u0103 fie avizat de <strong>un mentor<\/strong> (conduc\u0103tor de doctorat \u00een cadrul \u0218colii Doctorale Paradigma European\u0103), \u00eenainte de a fi depus <strong>la secretariatul<\/strong> \u0218colii Doctorale.<\/p><p>To\u021bi candida\u021bii care primesc aprobare din partea Consiliului \u0218colii Doctorale Paradigma European\u0103 vor putea s\u0103 \u00ee\u0219i depun\u0103 candidatura \u00een cadrul proiectului <strong><em>Dezvoltarea competen\u021belor de cercetare avansat\u0103 \u0219i aplicat\u0103 \u00een logica STEAM + Health, <\/em><\/strong>urm\u00e2nd a participa la procedura competitiv\u0103 de selec\u021bie pe baza dosarului, care se reg\u0103se\u0219te aici: <a href=\"https:\/\/sites.euro.ubbcluj.ro\/paradigmaeuropeana\/en\/dezvoltarea-competentelor-de-cercetare-avansata-si-aplicata-in-logica-steam-health-2\/\">https:\/\/sites.euro.ubbcluj.ro\/paradigmaeuropeana\/en\/dezvoltarea-competentelor-de-cercetare-avansata-si-aplicata-in-logica-steam-health-2\/<\/a>.<\/p>\t\t\t\t\t\t\t\t<\/div>\n\t\t\t\t<\/div>\n\t\t\t\t\t<\/div>\n\t\t<\/div>\n\t\t\t\t\t<\/div>\n\t\t<\/section>\n\t\t\t\t<\/div>\n\t\t","protected":false},"excerpt":{"rendered":"<p>Cercet\u0103tori postdoctorali Anun\u021b de selec\u021bie cercet\u0103tor postdoctoral Conform Regulamentului privind organizarea \u0219i desf\u0103\u0219urarea programelor postdoctorale \u00een cadrul Universit\u0103\u021bii Babe\u0219-Bolyai, Cluj-Napoca (Anexa la Hot\u0103r\u00e2rea Senatului Nr. 10.220\/10.06.2019), pentru \u00eenscrierea la concursul de admitere la studii postdoctorale (https:\/\/senat.ubbcluj.ro\/wp-content\/uploads\/2019\/06\/Regulament-programe-postdoctorale_modificate-Senat.pdf), candida\u021bii trebuie s\u0103: &#8211; s\u0103 fie de\u021bin\u0103tori ai titlului de doctor; &#8211; titlul de doctor s\u0103 fie ob\u021binut cu&hellip;&nbsp;<a href=\"https:\/\/sites.euro.ubbcluj.ro\/sdrise\/anunt-de-selectie-cercetator-postdoctoral\/\" class=\"\" rel=\"bookmark\">Read More &raquo;<span class=\"screen-reader-text\">Anun\u021b de selec\u021bie cercet\u0103tor postdoctoral<\/span><\/a><\/p>\n","protected":false},"author":1,"featured_media":0,"parent":0,"menu_order":0,"comment_status":"closed","ping_status":"closed","template":"","meta":{"neve_meta_sidebar":"full-width","neve_meta_container":"","neve_meta_enable_content_width":"on","neve_meta_content_width":100,"neve_meta_title_alignment":"","neve_meta_author_avatar":"","neve_post_elements_order":"","neve_meta_disable_header":"","neve_meta_disable_footer":"","neve_meta_disable_title":"on","_themeisle_gutenberg_block_has_review":false,"footnotes":"","_links_to":"","_links_to_target":""},"class_list":["post-1961","page","type-page","status-publish","hentry"],"_links":{"self":[{"href":"https:\/\/sites.euro.ubbcluj.ro\/sdrise\/wp-json\/wp\/v2\/pages\/1961","targetHints":{"allow":["GET"]}}],"collection":[{"href":"https:\/\/sites.euro.ubbcluj.ro\/sdrise\/wp-json\/wp\/v2\/pages"}],"about":[{"href":"https:\/\/sites.euro.ubbcluj.ro\/sdrise\/wp-json\/wp\/v2\/types\/page"}],"author":[{"embeddable":true,"href":"https:\/\/sites.euro.ubbcluj.ro\/sdrise\/wp-json\/wp\/v2\/users\/1"}],"replies":[{"embeddable":true,"href":"https:\/\/sites.euro.ubbcluj.ro\/sdrise\/wp-json\/wp\/v2\/comments?post=1961"}],"version-history":[{"count":0,"href":"https:\/\/sites.euro.ubbcluj.ro\/sdrise\/wp-json\/wp\/v2\/pages\/1961\/revisions"}],"wp:attachment":[{"href":"https:\/\/sites.euro.ubbcluj.ro\/sdrise\/wp-json\/wp\/v2\/media?parent=1961"}],"curies":[{"name":"wp","href":"https:\/\/api.w.org\/{rel}","templated":true}]}}