{"id":1589,"date":"2022-06-23T12:35:10","date_gmt":"2022-06-23T12:35:10","guid":{"rendered":"https:\/\/sites.euro.ubbcluj.ro\/steam\/?page_id=1589"},"modified":"2022-09-01T14:34:27","modified_gmt":"2022-09-01T14:34:27","slug":"rezultate-selectie","status":"publish","type":"page","link":"https:\/\/sites.euro.ubbcluj.ro\/steam\/rezultate-selectie\/","title":{"rendered":"Rezultate selec\u021bie"},"content":{"rendered":"\t\t<div data-elementor-type=\"wp-page\" data-elementor-id=\"1589\" class=\"elementor elementor-1589\">\n\t\t\t\t\t\t<section class=\"elementor-section elementor-top-section elementor-element elementor-element-5e97cbef elementor-section-height-min-height elementor-section-items-bottom elementor-section-full_width elementor-section-height-default\" data-id=\"5e97cbef\" data-element_type=\"section\" data-e-type=\"section\" data-settings=\"{&quot;background_background&quot;:&quot;classic&quot;,&quot;shape_divider_bottom&quot;:&quot;pyramids&quot;}\">\n\t\t\t\t\t\t\t<div class=\"elementor-background-overlay\"><\/div>\n\t\t\t\t\t\t<div class=\"elementor-shape elementor-shape-bottom\" aria-hidden=\"true\" data-negative=\"false\">\n\t\t\t<svg xmlns=\"http:\/\/www.w3.org\/2000\/svg\" viewBox=\"0 0 1000 100\" preserveAspectRatio=\"none\">\n\t<path class=\"elementor-shape-fill\" d=\"M761.9,44.1L643.1,27.2L333.8,98L0,3.8V0l1000,0v3.9\"\/>\n<\/svg>\t\t<\/div>\n\t\t\t\t\t<div class=\"elementor-container elementor-column-gap-default\">\n\t\t\t\t\t<div class=\"elementor-column elementor-col-100 elementor-top-column elementor-element elementor-element-11d9726d\" data-id=\"11d9726d\" data-element_type=\"column\" data-e-type=\"column\">\n\t\t\t<div class=\"elementor-widget-wrap elementor-element-populated\">\n\t\t\t\t\t\t<div class=\"elementor-element elementor-element-63edec60 elementor-widget elementor-widget-text-editor\" data-id=\"63edec60\" data-element_type=\"widget\" data-e-type=\"widget\" data-widget_type=\"text-editor.default\">\n\t\t\t\t<div class=\"elementor-widget-container\">\n\t\t\t\t\t\t\t\t\t<p>Dezvoltarea competen\u021belor de cercetare avansat\u0103 \u015fi aplicat\u0103 \u00een logica STEAM + Health<\/p>\t\t\t\t\t\t\t\t<\/div>\n\t\t\t\t<\/div>\n\t\t\t\t<div class=\"elementor-element elementor-element-585aac8 elementor-widget elementor-widget-spacer\" data-id=\"585aac8\" data-element_type=\"widget\" data-e-type=\"widget\" data-widget_type=\"spacer.default\">\n\t\t\t\t<div class=\"elementor-widget-container\">\n\t\t\t\t\t\t\t<div class=\"elementor-spacer\">\n\t\t\t<div class=\"elementor-spacer-inner\"><\/div>\n\t\t<\/div>\n\t\t\t\t\t\t<\/div>\n\t\t\t\t<\/div>\n\t\t\t\t\t<\/div>\n\t\t<\/div>\n\t\t\t\t\t<\/div>\n\t\t<\/section>\n\t\t\t\t<section class=\"elementor-section elementor-top-section elementor-element elementor-element-77e1e176 elementor-section-height-min-height elementor-section-full_width elementor-section-height-default elementor-section-items-middle\" data-id=\"77e1e176\" data-element_type=\"section\" data-e-type=\"section\" data-settings=\"{&quot;background_background&quot;:&quot;classic&quot;}\">\n\t\t\t\t\t\t\t<div class=\"elementor-background-overlay\"><\/div>\n\t\t\t\t\t\t\t<div class=\"elementor-container elementor-column-gap-default\">\n\t\t\t\t\t<div class=\"elementor-column elementor-col-100 elementor-top-column elementor-element elementor-element-5b81c2c9\" data-id=\"5b81c2c9\" data-element_type=\"column\" data-e-type=\"column\">\n\t\t\t<div class=\"elementor-widget-wrap elementor-element-populated\">\n\t\t\t\t\t\t<div class=\"elementor-element elementor-element-5ac3f2d9 elementor-widget elementor-widget-text-editor\" data-id=\"5ac3f2d9\" data-element_type=\"widget\" data-e-type=\"widget\" data-widget_type=\"text-editor.default\">\n\t\t\t\t<div class=\"elementor-widget-container\">\n\t\t\t\t\t\t\t\t\t<h4><strong>SELEC\u021aIA GRUPULUI \u021aINT\u0102 &#8211; Rezultate Finale<\/strong><br \/><strong>POCU\/993\/6\/13\/153310 \u201eDezvoltarea competen\u021belor de cercetare avansat\u0103 \u015fi aplicat\u0103 \u00een<\/strong><br \/><strong>logica STEAM + Health\u201d<\/strong><\/h4>\t\t\t\t\t\t\t\t<\/div>\n\t\t\t\t<\/div>\n\t\t\t\t<section class=\"elementor-section elementor-inner-section elementor-element elementor-element-2326aa48 elementor-section-boxed elementor-section-height-default elementor-section-height-default\" data-id=\"2326aa48\" data-element_type=\"section\" data-e-type=\"section\">\n\t\t\t\t\t\t<div class=\"elementor-container elementor-column-gap-default\">\n\t\t\t\t\t<div class=\"elementor-column elementor-col-100 elementor-inner-column elementor-element elementor-element-1d5b90c\" data-id=\"1d5b90c\" data-element_type=\"column\" data-e-type=\"column\">\n\t\t\t<div class=\"elementor-widget-wrap elementor-element-populated\">\n\t\t\t\t\t\t<div class=\"elementor-element elementor-element-3d20f9e2 elementor-align-center elementor-mobile-align-center elementor-widget elementor-widget-button\" data-id=\"3d20f9e2\" data-element_type=\"widget\" data-e-type=\"widget\" data-widget_type=\"button.default\">\n\t\t\t\t<div class=\"elementor-widget-container\">\n\t\t\t\t\t\t\t\t\t<div class=\"elementor-button-wrapper\">\n\t\t\t\t\t<a class=\"elementor-button elementor-button-link elementor-size-md\" href=\"https:\/\/sites.euro.ubbcluj.ro\/steam\/wp-content\/uploads\/2022\/09\/POCU153310-Rezultate-finale-01.09.2022.pdf\">\n\t\t\t\t\t\t<span class=\"elementor-button-content-wrapper\">\n\t\t\t\t\t\t\t\t\t<span class=\"elementor-button-text\">Rezultate Finale 01.09.2022<\/span>\n\t\t\t\t\t<\/span>\n\t\t\t\t\t<\/a>\n\t\t\t\t<\/div>\n\t\t\t\t\t\t\t\t<\/div>\n\t\t\t\t<\/div>\n\t\t\t\t\t<\/div>\n\t\t<\/div>\n\t\t\t\t\t<\/div>\n\t\t<\/section>\n\t\t\t\t\t<\/div>\n\t\t<\/div>\n\t\t\t\t\t<\/div>\n\t\t<\/section>\n\t\t\t\t<section class=\"elementor-section elementor-top-section elementor-element elementor-element-1972aff elementor-section-height-min-height elementor-section-full_width elementor-section-height-default elementor-section-items-middle\" data-id=\"1972aff\" data-element_type=\"section\" data-e-type=\"section\" data-settings=\"{&quot;background_background&quot;:&quot;classic&quot;}\">\n\t\t\t\t\t\t\t<div class=\"elementor-background-overlay\"><\/div>\n\t\t\t\t\t\t\t<div class=\"elementor-container elementor-column-gap-default\">\n\t\t\t\t\t<div class=\"elementor-column elementor-col-100 elementor-top-column elementor-element elementor-element-9ffe4e0\" data-id=\"9ffe4e0\" data-element_type=\"column\" data-e-type=\"column\">\n\t\t\t<div class=\"elementor-widget-wrap elementor-element-populated\">\n\t\t\t\t\t\t<div class=\"elementor-element elementor-element-9330c2f elementor-widget elementor-widget-text-editor\" data-id=\"9330c2f\" data-element_type=\"widget\" data-e-type=\"widget\" data-widget_type=\"text-editor.default\">\n\t\t\t\t<div class=\"elementor-widget-container\">\n\t\t\t\t\t\t\t\t\t<h4>SELEC\u021aIA GRUPULUI \u021aINT\u0102<br \/>POCU\/993\/6\/13\/153310 \u201eDezvoltarea competen\u021belor de cercetare avansat\u0103 \u015fi aplicat\u0103 \u00een<br \/>logica STEAM + Health\u201d<\/h4>\t\t\t\t\t\t\t\t<\/div>\n\t\t\t\t<\/div>\n\t\t\t\t<section class=\"elementor-section elementor-inner-section elementor-element elementor-element-a054855 elementor-section-boxed elementor-section-height-default elementor-section-height-default\" data-id=\"a054855\" data-element_type=\"section\" data-e-type=\"section\">\n\t\t\t\t\t\t<div class=\"elementor-container elementor-column-gap-default\">\n\t\t\t\t\t<div class=\"elementor-column elementor-col-100 elementor-inner-column elementor-element elementor-element-3537760\" data-id=\"3537760\" data-element_type=\"column\" data-e-type=\"column\">\n\t\t\t<div class=\"elementor-widget-wrap elementor-element-populated\">\n\t\t\t\t\t\t<div class=\"elementor-element elementor-element-c8a18ab elementor-align-center elementor-mobile-align-center elementor-widget elementor-widget-button\" data-id=\"c8a18ab\" data-element_type=\"widget\" data-e-type=\"widget\" data-widget_type=\"button.default\">\n\t\t\t\t<div class=\"elementor-widget-container\">\n\t\t\t\t\t\t\t\t\t<div class=\"elementor-button-wrapper\">\n\t\t\t\t\t<a class=\"elementor-button elementor-button-link elementor-size-md\" href=\"https:\/\/sites.euro.ubbcluj.ro\/steam\/wp-content\/uploads\/2022\/08\/POCU153310-Rezultate-intermediare-26.08.2022.pdf\">\n\t\t\t\t\t\t<span class=\"elementor-button-content-wrapper\">\n\t\t\t\t\t\t\t\t\t<span class=\"elementor-button-text\">Rezultate provizorii 26.08.2022<\/span>\n\t\t\t\t\t<\/span>\n\t\t\t\t\t<\/a>\n\t\t\t\t<\/div>\n\t\t\t\t\t\t\t\t<\/div>\n\t\t\t\t<\/div>\n\t\t\t\t\t<\/div>\n\t\t<\/div>\n\t\t\t\t\t<\/div>\n\t\t<\/section>\n\t\t\t\t\t<\/div>\n\t\t<\/div>\n\t\t\t\t\t<\/div>\n\t\t<\/section>\n\t\t\t\t<\/div>\n\t\t","protected":false},"excerpt":{"rendered":"<p>Dezvoltarea competen\u021belor de cercetare avansat\u0103 \u015fi aplicat\u0103 \u00een logica STEAM + Health SELEC\u021aIA GRUPULUI \u021aINT\u0102 &#8211; Rezultate FinalePOCU\/993\/6\/13\/153310 \u201eDezvoltarea competen\u021belor de cercetare avansat\u0103 \u015fi aplicat\u0103 \u00eenlogica STEAM + Health\u201d Rezultate Finale 01.09.2022 SELEC\u021aIA GRUPULUI \u021aINT\u0102POCU\/993\/6\/13\/153310 \u201eDezvoltarea competen\u021belor de cercetare avansat\u0103 \u015fi aplicat\u0103 \u00eenlogica STEAM + Health\u201d Rezultate provizorii 26.08.2022<\/p>\n","protected":false},"author":1,"featured_media":0,"parent":0,"menu_order":0,"comment_status":"closed","ping_status":"closed","template":"","meta":{"neve_meta_sidebar":"full-width","neve_meta_container":"","neve_meta_enable_content_width":"on","neve_meta_content_width":100,"neve_meta_title_alignment":"","neve_meta_author_avatar":"","neve_post_elements_order":"","neve_meta_disable_header":"","neve_meta_disable_footer":"","neve_meta_disable_title":"on","_kadence_starter_templates_imported_post":false,"footnotes":"","_links_to":"","_links_to_target":""},"class_list":["post-1589","page","type-page","status-publish","hentry"],"yoast_head":"<!-- This site is optimized with the Yoast SEO plugin v27.4 - https:\/\/yoast.com\/product\/yoast-seo-wordpress\/ -->\n<title>Rezultate selec\u021bie - Dezvoltarea competen\u021belor de cercetare avansat\u0103 \u015fi aplicat\u0103 \u00een logica STEAM + Health<\/title>\n<meta name=\"robots\" content=\"index, follow, max-snippet:-1, max-image-preview:large, max-video-preview:-1\" \/>\n<link rel=\"canonical\" href=\"https:\/\/sites.euro.ubbcluj.ro\/steam\/rezultate-selectie\/\" \/>\n<meta property=\"og:locale\" content=\"en_US\" \/>\n<meta property=\"og:type\" content=\"article\" \/>\n<meta property=\"og:title\" content=\"Rezultate selec\u021bie - Dezvoltarea competen\u021belor de cercetare avansat\u0103 \u015fi aplicat\u0103 \u00een logica STEAM + Health\" \/>\n<meta property=\"og:description\" content=\"Dezvoltarea competen\u021belor de cercetare avansat\u0103 \u015fi aplicat\u0103 \u00een logica STEAM + Health SELEC\u021aIA GRUPULUI \u021aINT\u0102 &#8211; Rezultate FinalePOCU\/993\/6\/13\/153310 \u201eDezvoltarea competen\u021belor de cercetare avansat\u0103 \u015fi aplicat\u0103 \u00eenlogica STEAM + Health\u201d Rezultate Finale 01.09.2022 SELEC\u021aIA GRUPULUI \u021aINT\u0102POCU\/993\/6\/13\/153310 \u201eDezvoltarea competen\u021belor de cercetare avansat\u0103 \u015fi aplicat\u0103 \u00eenlogica STEAM + Health\u201d Rezultate provizorii 26.08.2022\" \/>\n<meta property=\"og:url\" content=\"https:\/\/sites.euro.ubbcluj.ro\/steam\/rezultate-selectie\/\" \/>\n<meta property=\"og:site_name\" content=\"Dezvoltarea competen\u021belor de cercetare avansat\u0103 \u015fi aplicat\u0103 \u00een logica STEAM + Health\" \/>\n<meta property=\"article:modified_time\" content=\"2022-09-01T14:34:27+00:00\" \/>\n<meta name=\"twitter:card\" content=\"summary_large_image\" \/>\n<meta name=\"twitter:label1\" content=\"Est. reading time\" \/>\n\t<meta name=\"twitter:data1\" content=\"1 minute\" \/>\n<script type=\"application\/ld+json\" class=\"yoast-schema-graph\">{\"@context\":\"https:\\\/\\\/schema.org\",\"@graph\":[{\"@type\":\"WebPage\",\"@id\":\"https:\\\/\\\/sites.euro.ubbcluj.ro\\\/steam\\\/rezultate-selectie\\\/\",\"url\":\"https:\\\/\\\/sites.euro.ubbcluj.ro\\\/steam\\\/rezultate-selectie\\\/\",\"name\":\"Rezultate selec\u021bie - Dezvoltarea competen\u021belor de cercetare avansat\u0103 \u015fi aplicat\u0103 \u00een logica STEAM + Health\",\"isPartOf\":{\"@id\":\"https:\\\/\\\/sites.euro.ubbcluj.ro\\\/steam\\\/#website\"},\"datePublished\":\"2022-06-23T12:35:10+00:00\",\"dateModified\":\"2022-09-01T14:34:27+00:00\",\"breadcrumb\":{\"@id\":\"https:\\\/\\\/sites.euro.ubbcluj.ro\\\/steam\\\/rezultate-selectie\\\/#breadcrumb\"},\"inLanguage\":\"en-US\",\"potentialAction\":[{\"@type\":\"ReadAction\",\"target\":[\"https:\\\/\\\/sites.euro.ubbcluj.ro\\\/steam\\\/rezultate-selectie\\\/\"]}]},{\"@type\":\"BreadcrumbList\",\"@id\":\"https:\\\/\\\/sites.euro.ubbcluj.ro\\\/steam\\\/rezultate-selectie\\\/#breadcrumb\",\"itemListElement\":[{\"@type\":\"ListItem\",\"position\":1,\"name\":\"Home\",\"item\":\"https:\\\/\\\/sites.euro.ubbcluj.ro\\\/steam\\\/\"},{\"@type\":\"ListItem\",\"position\":2,\"name\":\"Rezultate selec\u021bie\"}]},{\"@type\":\"WebSite\",\"@id\":\"https:\\\/\\\/sites.euro.ubbcluj.ro\\\/steam\\\/#website\",\"url\":\"https:\\\/\\\/sites.euro.ubbcluj.ro\\\/steam\\\/\",\"name\":\"Dezvoltarea competen\u021belor de cercetare avansat\u0103 \u015fi aplicat\u0103 \u00een logica STEAM + Health\",\"description\":\"\",\"publisher\":{\"@id\":\"https:\\\/\\\/sites.euro.ubbcluj.ro\\\/steam\\\/#organization\"},\"potentialAction\":[{\"@type\":\"SearchAction\",\"target\":{\"@type\":\"EntryPoint\",\"urlTemplate\":\"https:\\\/\\\/sites.euro.ubbcluj.ro\\\/steam\\\/?s={search_term_string}\"},\"query-input\":{\"@type\":\"PropertyValueSpecification\",\"valueRequired\":true,\"valueName\":\"search_term_string\"}}],\"inLanguage\":\"en-US\"},{\"@type\":\"Organization\",\"@id\":\"https:\\\/\\\/sites.euro.ubbcluj.ro\\\/steam\\\/#organization\",\"name\":\"Dezvoltarea competen\u021belor de cercetare avansat\u0103 \u015fi aplicat\u0103 \u00een logica STEAM + Health\",\"url\":\"https:\\\/\\\/sites.euro.ubbcluj.ro\\\/steam\\\/\",\"logo\":{\"@type\":\"ImageObject\",\"inLanguage\":\"en-US\",\"@id\":\"https:\\\/\\\/sites.euro.ubbcluj.ro\\\/steam\\\/#\\\/schema\\\/logo\\\/image\\\/\",\"url\":\"https:\\\/\\\/sites.euro.ubbcluj.ro\\\/steam\\\/wp-content\\\/uploads\\\/2022\\\/09\\\/Steam-logo.png\",\"contentUrl\":\"https:\\\/\\\/sites.euro.ubbcluj.ro\\\/steam\\\/wp-content\\\/uploads\\\/2022\\\/09\\\/Steam-logo.png\",\"width\":363,\"height\":115,\"caption\":\"Dezvoltarea competen\u021belor de cercetare avansat\u0103 \u015fi aplicat\u0103 \u00een logica STEAM + Health\"},\"image\":{\"@id\":\"https:\\\/\\\/sites.euro.ubbcluj.ro\\\/steam\\\/#\\\/schema\\\/logo\\\/image\\\/\"}}]}<\/script>\n<!-- \/ Yoast SEO plugin. -->","yoast_head_json":{"title":"Rezultate selec\u021bie - Dezvoltarea competen\u021belor de cercetare avansat\u0103 \u015fi aplicat\u0103 \u00een logica STEAM + Health","robots":{"index":"index","follow":"follow","max-snippet":"max-snippet:-1","max-image-preview":"max-image-preview:large","max-video-preview":"max-video-preview:-1"},"canonical":"https:\/\/sites.euro.ubbcluj.ro\/steam\/rezultate-selectie\/","og_locale":"en_US","og_type":"article","og_title":"Rezultate selec\u021bie - Dezvoltarea competen\u021belor de cercetare avansat\u0103 \u015fi aplicat\u0103 \u00een logica STEAM + Health","og_description":"Dezvoltarea competen\u021belor de cercetare avansat\u0103 \u015fi aplicat\u0103 \u00een logica STEAM + Health SELEC\u021aIA GRUPULUI \u021aINT\u0102 &#8211; Rezultate FinalePOCU\/993\/6\/13\/153310 \u201eDezvoltarea competen\u021belor de cercetare avansat\u0103 \u015fi aplicat\u0103 \u00eenlogica STEAM + Health\u201d Rezultate Finale 01.09.2022 SELEC\u021aIA GRUPULUI \u021aINT\u0102POCU\/993\/6\/13\/153310 \u201eDezvoltarea competen\u021belor de cercetare avansat\u0103 \u015fi aplicat\u0103 \u00eenlogica STEAM + Health\u201d Rezultate provizorii 26.08.2022","og_url":"https:\/\/sites.euro.ubbcluj.ro\/steam\/rezultate-selectie\/","og_site_name":"Dezvoltarea competen\u021belor de cercetare avansat\u0103 \u015fi aplicat\u0103 \u00een logica STEAM + Health","article_modified_time":"2022-09-01T14:34:27+00:00","twitter_card":"summary_large_image","twitter_misc":{"Est. reading time":"1 minute"},"schema":{"@context":"https:\/\/schema.org","@graph":[{"@type":"WebPage","@id":"https:\/\/sites.euro.ubbcluj.ro\/steam\/rezultate-selectie\/","url":"https:\/\/sites.euro.ubbcluj.ro\/steam\/rezultate-selectie\/","name":"Rezultate selec\u021bie - Dezvoltarea competen\u021belor de cercetare avansat\u0103 \u015fi aplicat\u0103 \u00een logica STEAM + Health","isPartOf":{"@id":"https:\/\/sites.euro.ubbcluj.ro\/steam\/#website"},"datePublished":"2022-06-23T12:35:10+00:00","dateModified":"2022-09-01T14:34:27+00:00","breadcrumb":{"@id":"https:\/\/sites.euro.ubbcluj.ro\/steam\/rezultate-selectie\/#breadcrumb"},"inLanguage":"en-US","potentialAction":[{"@type":"ReadAction","target":["https:\/\/sites.euro.ubbcluj.ro\/steam\/rezultate-selectie\/"]}]},{"@type":"BreadcrumbList","@id":"https:\/\/sites.euro.ubbcluj.ro\/steam\/rezultate-selectie\/#breadcrumb","itemListElement":[{"@type":"ListItem","position":1,"name":"Home","item":"https:\/\/sites.euro.ubbcluj.ro\/steam\/"},{"@type":"ListItem","position":2,"name":"Rezultate selec\u021bie"}]},{"@type":"WebSite","@id":"https:\/\/sites.euro.ubbcluj.ro\/steam\/#website","url":"https:\/\/sites.euro.ubbcluj.ro\/steam\/","name":"Dezvoltarea competen\u021belor de cercetare avansat\u0103 \u015fi aplicat\u0103 \u00een logica STEAM + Health","description":"","publisher":{"@id":"https:\/\/sites.euro.ubbcluj.ro\/steam\/#organization"},"potentialAction":[{"@type":"SearchAction","target":{"@type":"EntryPoint","urlTemplate":"https:\/\/sites.euro.ubbcluj.ro\/steam\/?s={search_term_string}"},"query-input":{"@type":"PropertyValueSpecification","valueRequired":true,"valueName":"search_term_string"}}],"inLanguage":"en-US"},{"@type":"Organization","@id":"https:\/\/sites.euro.ubbcluj.ro\/steam\/#organization","name":"Dezvoltarea competen\u021belor de cercetare avansat\u0103 \u015fi aplicat\u0103 \u00een logica STEAM + Health","url":"https:\/\/sites.euro.ubbcluj.ro\/steam\/","logo":{"@type":"ImageObject","inLanguage":"en-US","@id":"https:\/\/sites.euro.ubbcluj.ro\/steam\/#\/schema\/logo\/image\/","url":"https:\/\/sites.euro.ubbcluj.ro\/steam\/wp-content\/uploads\/2022\/09\/Steam-logo.png","contentUrl":"https:\/\/sites.euro.ubbcluj.ro\/steam\/wp-content\/uploads\/2022\/09\/Steam-logo.png","width":363,"height":115,"caption":"Dezvoltarea competen\u021belor de cercetare avansat\u0103 \u015fi aplicat\u0103 \u00een logica STEAM + Health"},"image":{"@id":"https:\/\/sites.euro.ubbcluj.ro\/steam\/#\/schema\/logo\/image\/"}}]}},"_links":{"self":[{"href":"https:\/\/sites.euro.ubbcluj.ro\/steam\/wp-json\/wp\/v2\/pages\/1589","targetHints":{"allow":["GET"]}}],"collection":[{"href":"https:\/\/sites.euro.ubbcluj.ro\/steam\/wp-json\/wp\/v2\/pages"}],"about":[{"href":"https:\/\/sites.euro.ubbcluj.ro\/steam\/wp-json\/wp\/v2\/types\/page"}],"author":[{"embeddable":true,"href":"https:\/\/sites.euro.ubbcluj.ro\/steam\/wp-json\/wp\/v2\/users\/1"}],"replies":[{"embeddable":true,"href":"https:\/\/sites.euro.ubbcluj.ro\/steam\/wp-json\/wp\/v2\/comments?post=1589"}],"version-history":[{"count":7,"href":"https:\/\/sites.euro.ubbcluj.ro\/steam\/wp-json\/wp\/v2\/pages\/1589\/revisions"}],"predecessor-version":[{"id":1934,"href":"https:\/\/sites.euro.ubbcluj.ro\/steam\/wp-json\/wp\/v2\/pages\/1589\/revisions\/1934"}],"wp:attachment":[{"href":"https:\/\/sites.euro.ubbcluj.ro\/steam\/wp-json\/wp\/v2\/media?parent=1589"}],"curies":[{"name":"wp","href":"https:\/\/api.w.org\/{rel}","templated":true}]}}